{"id":535,"date":"2020-06-26T00:59:21","date_gmt":"2020-06-25T23:59:21","guid":{"rendered":"https:\/\/www.adrenatur.ch\/?post_type=portfolio_page&#038;p=535"},"modified":"2020-06-26T01:10:39","modified_gmt":"2020-06-26T00:10:39","slug":"kids-club-wallis-schweiz","status":"publish","type":"portfolio_page","link":"https:\/\/www.adrenatur.ch\/de\/activites\/kids-club-valais-suisse\/","title":{"rendered":"Kids Club Wallis, Schweiz"},"content":{"rendered":"<div class=\"wpb-content-wrapper\"><div      class=\"vc_row wpb_row section vc_row-fluid  vc_custom_1585333651294\" style=' text-align:left;'><div class=\"full_section_inner clearfix\"><div class=\"wpb_column vc_column_container vc_col-sm-12\"><div class=\"vc_column-inner\"><div class=\"wpb_wrapper\">\n\t<div class=\"wpb_text_column wpb_content_element\">\n\t\t<div class=\"wpb_wrapper\">\n\t\t\t<h2>Kids Club Wallis, Schweiz<\/h2>\n\n\t\t<\/div>\n\t<\/div><div class=\"vc_empty_space\"  style=\"height: 25px\" >\n\t<span class=\"vc_empty_space_inner\">\n\t\t<span class=\"empty_space_image\"  ><\/span>\n\t<\/span>\n<\/div><div class=\"qode-advanced-tabs qode-advanced-tabs qode-advanced-horizontal-tab clearfix qode-advanced-tab-without-icon qode-advanced-tabs-column-4 clearfix\">\n\t<ul class=\"qode-advanced-tabs-nav\">\n\t\t\t\t\t<li>\n\t\t\t\t<h2>\n\t\t\t\t\t<a href=\"#tab-description\">\n\t\t\t\t\t\t\n\t\t\t\t\t\t\t\t\t\t\t\t\t<span class=\"qode-advanced-tab-text-after-icon\">\n\t\t\t\t\t\t\t\tBeschreibung\t\t\t\t\t\t\t<\/span>\n\t\t\t\t\t\t\t\t\t\t\t<\/a>\n\t\t\t\t<\/h2>\n\t\t\t<\/li>\n\t\t\t\t\t<li>\n\t\t\t\t<h2>\n\t\t\t\t\t<a href=\"#tab-photos\">\n\t\t\t\t\t\t\n\t\t\t\t\t\t\t\t\t\t\t\t\t<span class=\"qode-advanced-tab-text-after-icon\">\n\t\t\t\t\t\t\t\tFotos\t\t\t\t\t\t\t<\/span>\n\t\t\t\t\t\t\t\t\t\t\t<\/a>\n\t\t\t\t<\/h2>\n\t\t\t<\/li>\n\t\t\t\t\t<li>\n\t\t\t\t<h2>\n\t\t\t\t\t<a href=\"#tab-inclus\">\n\t\t\t\t\t\t\n\t\t\t\t\t\t\t\t\t\t\t\t\t<span class=\"qode-advanced-tab-text-after-icon\">\n\t\t\t\t\t\t\t\tIm Lieferumfang enthalten\t\t\t\t\t\t\t<\/span>\n\t\t\t\t\t\t\t\t\t\t\t<\/a>\n\t\t\t\t<\/h2>\n\t\t\t<\/li>\n\t\t\t\t\t<li>\n\t\t\t\t<h2>\n\t\t\t\t\t<a href=\"#tab-reserver\">\n\t\t\t\t\t\t\n\t\t\t\t\t\t\t\t\t\t\t\t\t<span class=\"qode-advanced-tab-text-after-icon\">\n\t\t\t\t\t\t\t\tBuchen\t\t\t\t\t\t\t<\/span>\n\t\t\t\t\t\t\t\t\t\t\t<\/a>\n\t\t\t\t<\/h2>\n\t\t\t<\/li>\n\t\t\t<\/ul>\n\t<div class=\"qode-advanced-tab-container\" id=\"tab-description-609\" data-icon-pack=\"\" data-icon-html=\"\">\n\t<div class=\"wpb_text_column wpb_content_element\">\n\t\t<div class=\"wpb_wrapper\">\n\t\t\t<p><em><span style=\"text-decoration: underline;\"><strong>Kids Club Wallis, Schweiz.<\/strong><\/span><\/em> Ferienlager f\u00fcr Kinder im Alter von 5 bis 12 Jahren. Von Montag bis Freitag gibt es ein vielf\u00e4ltiges Angebot an Aktivit\u00e4ten f\u00fcr jeden Geschmack, betreut von unseren Betreuerinnen Liz und Alin!<\/p>\n<p>Wanderungen im Wald, Stand-up-Paddling, Fun Forest, Ausfl\u00fcge, Tretbootfahren und vieles mehr\u2026 Ganzt\u00e4gige Betreuung und Picknick inklusive. Auf Wunsch bieten wir Ihnen auch eine \u00dcbernachtung in der H\u00fctte \u201eLes Violettes\u201c an (Abendessen, ger\u00f6stete Marshmallows, Bergwanderung und Fr\u00fchst\u00fcck inklusive).<\/p>\n\n\t\t<\/div>\n\t<\/div><div class=\"vc_empty_space\"  style=\"height: 25px\" >\n\t<span class=\"vc_empty_space_inner\">\n\t\t<span class=\"empty_space_image\"  ><\/span>\n\t<\/span>\n<\/div>\n\t<div class=\"wpb_text_column wpb_content_element\">\n\t\t<div class=\"wpb_wrapper\">\n\t\t\t<h3>Pauschalpreis:<\/h3>\n<p><strong>Vormittag<\/strong><\/p>\n<p>1 Kind: 90 CHF<\/p>\n<p><strong>5er-Paket f\u00fcr Vormittagsvorstellungen<\/strong><\/p>\n<p>1 Kind: 375 CHF<\/p>\n\n\t\t<\/div>\n\t<\/div><div class=\"vc_empty_space\"  style=\"height: 25px\" >\n\t<span class=\"vc_empty_space_inner\">\n\t\t<span class=\"empty_space_image\"  ><\/span>\n\t<\/span>\n<\/div>\n\t<div class=\"wpb_text_column wpb_content_element\">\n\t\t<div class=\"wpb_wrapper\">\n\t\t\t<h3>Ablauf:<\/h3>\n<p>Waldspazierg\u00e4nge, H\u00fcttenbau, Einf\u00fchrung in die Tierwelt, Besuch eines traditionellen Bauernhofs, Paddleboarding, Fun Forest, Ausfl\u00fcge, Tretbootfahren, Wakeboarden und vieles mehr\u2026<\/p>\n<p>Tagesbetreuung und Picknick inklusive.<\/p>\n<p>Auf Wunsch bieten wir Ihnen auch eine \u00dcbernachtung in der \u201eCabane des Violettes\u201c an (inklusive Abendessen, ger\u00f6stete Marshmallows, Bergwanderung und Fr\u00fchst\u00fcck).<\/p>\n<p><strong>\u00d6ffnungszeiten: 10:00 bis 15:00 Uhr.<\/strong><\/p>\n<p><strong>Treffpunkt um 9:45 Uhr im B\u00fcro von L\u2019ESS Crans-Montana<\/strong><\/p>\n\n\t\t<\/div>\n\t<\/div><\/div><div class=\"qode-advanced-tab-container\" id=\"tab-photos-327\" data-icon-pack=\"\" data-icon-html=\"\"><div class=\"wpb_gallery wpb_content_element vc_clearfix\"><div class=\"wpb_wrapper\"><div class=\"wpb_gallery_slides wpb_flexslider flexslider_fade flexslider\" data-interval=\"3\" data-flex_fx=\"fade\"><ul class=\"slides\"><li><img decoding=\"async\" width=\"800\" height=\"533\" src=\"https:\/\/www.adrenatur.ch\/wp-content\/uploads\/2020\/06\/kids-club-valais-suisse.jpg\" class=\"attachment-full\" alt=\"Kids Club Wallis, Schweiz\" title=\"Kids Club Wallis, Schweiz\" srcset=\"https:\/\/www.adrenatur.ch\/wp-content\/uploads\/2020\/06\/kids-club-valais-suisse.jpg 800w, https:\/\/www.adrenatur.ch\/wp-content\/uploads\/2020\/06\/kids-club-valais-suisse-300x200.jpg 300w, https:\/\/www.adrenatur.ch\/wp-content\/uploads\/2020\/06\/kids-club-valais-suisse-768x512.jpg 768w, https:\/\/www.adrenatur.ch\/wp-content\/uploads\/2020\/06\/kids-club-valais-suisse-700x466.jpg 700w\" sizes=\"(max-width: 800px) 100vw, 800px\" \/><\/li><\/ul><\/div><\/div><\/div><\/div><div class=\"qode-advanced-tab-container\" id=\"tab-inclus-146\" data-icon-pack=\"\" data-icon-html=\"\">\n\t<div class=\"wpb_text_column wpb_content_element\">\n\t\t<div class=\"wpb_wrapper\">\n\t\t\t<ul style=\"list-style-type: square;\">\n<li>Betreuung<\/li>\n<li>Anfahrt zum Fun Forest<\/li>\n<li>Material<\/li>\n<li>Aktivit\u00e4ten<\/li>\n<li>Picknick<\/li>\n<\/ul>\n<p><strong>Die Kinder werden von 10.00 bis 15.00 Uhr von qualifizierten Betreuern betreut.<\/strong><\/p>\n\n\t\t<\/div>\n\t<\/div><\/div><div class=\"qode-advanced-tab-container\" id=\"tab-reserver-31\" data-icon-pack=\"\" data-icon-html=\"\">\n\t<div class=\"wpb_text_column wpb_content_element\">\n\t\t<div class=\"wpb_wrapper\">\n\t\t\t<p style=\"text-align: center;\"><strong>Rufen Sie uns an, indem Sie auf die Schaltfl\u00e4che klicken<\/strong> <a  itemprop=\"url\" href=\"tel:+41274801010\" target=\"_blank\" data-hover-background-color=\"#dbdbdb\" data-hover-color=\"#66E432\" class=\"qbutton  medium center default\" style=\"background-color:#66E432;\">+41274801010<i class=\"qode_icon_font_awesome fa fa-phone qode_button_icon_element\"><\/i><\/a><\/p>\n\n\t\t<\/div>\n\t<\/div><\/div><\/div><div class=\"vc_empty_space\"  style=\"height: 25px\" >\n\t<span class=\"vc_empty_space_inner\">\n\t\t<span class=\"empty_space_image\"  ><\/span>\n\t<\/span>\n<\/div>\n\t<div class=\"wpb_text_column wpb_content_element\">\n\t\t<div class=\"wpb_wrapper\">\n\t\t\t<h3>Kids Club Wallis, Schweiz<\/h3>\n\n\t\t<\/div>\n\t<\/div><\/div><\/div><\/div><\/div><\/div>\n<\/div>","protected":false},"excerpt":{"rendered":"Kids Club Wallis Schweiz Beschreibung Fotos Im Preis inbegriffen Buchen Kids Club Wallis Schweiz. Ferienlager f\u00fcr Kinder im Alter von 5 bis 12 Jahren. Von Montag bis Freitag gibt es eine gro\u00dfe Auswahl an Aktivit\u00e4ten f\u00fcr jeden Geschmack, betreut von unseren Animateuren Liz und Alin! Waldspazierg\u00e4nge, Stand-up-Paddling...","protected":false},"author":1,"featured_media":536,"menu_order":0,"comment_status":"closed","ping_status":"closed","template":"","portfolio_category":[5],"portfolio_tag":[],"_links":{"self":[{"href":"https:\/\/www.adrenatur.ch\/de\/wp-json\/wp\/v2\/portfolio_page\/535"}],"collection":[{"href":"https:\/\/www.adrenatur.ch\/de\/wp-json\/wp\/v2\/portfolio_page"}],"about":[{"href":"https:\/\/www.adrenatur.ch\/de\/wp-json\/wp\/v2\/types\/portfolio_page"}],"author":[{"embeddable":true,"href":"https:\/\/www.adrenatur.ch\/de\/wp-json\/wp\/v2\/users\/1"}],"replies":[{"embeddable":true,"href":"https:\/\/www.adrenatur.ch\/de\/wp-json\/wp\/v2\/comments?post=535"}],"wp:featuredmedia":[{"embeddable":true,"href":"https:\/\/www.adrenatur.ch\/de\/wp-json\/wp\/v2\/media\/536"}],"wp:attachment":[{"href":"https:\/\/www.adrenatur.ch\/de\/wp-json\/wp\/v2\/media?parent=535"}],"wp:term":[{"taxonomy":"portfolio_category","embeddable":true,"href":"https:\/\/www.adrenatur.ch\/de\/wp-json\/wp\/v2\/portfolio_category?post=535"},{"taxonomy":"portfolio_tag","embeddable":true,"href":"https:\/\/www.adrenatur.ch\/de\/wp-json\/wp\/v2\/portfolio_tag?post=535"}],"curies":[{"name":"wp","href":"https:\/\/api.w.org\/{rel}","templated":true}]}}

<div class="wpb-content-wrapper"><div      class="vc_row wpb_row section vc_row-fluid  vc_custom_1585333651294" style=' text-align:left;'><div class="full_section_inner clearfix"><div class="wpb_column vc_column_container vc_col-sm-12"><div class="vc_column-inner"><div class="wpb_wrapper">
	<div class="wpb_text_column wpb_content_element">
		<div class="wpb_wrapper">
			<h2>Kids Club Wallis, Schweiz</h2>

		</div>
	</div><div class="vc_empty_space"  style="height: 25px" >
	<span class="vc_empty_space_inner">
		<span class="empty_space_image"  ></span>
	</span>
</div><div class="qode-advanced-tabs qode-advanced-tabs qode-advanced-horizontal-tab clearfix qode-advanced-tab-without-icon qode-advanced-tabs-column-4 clearfix">
	<ul class="qode-advanced-tabs-nav">
					<li>
				<h2>
					<a href="#tab-description">
						
													<span class="qode-advanced-tab-text-after-icon">
								Beschreibung							</span>
											</a>
				</h2>
			</li>
					<li>
				<h2>
					<a href="#tab-photos">
						
													<span class="qode-advanced-tab-text-after-icon">
								Fotos							</span>
											</a>
				</h2>
			</li>
					<li>
				<h2>
					<a href="#tab-inclus">
						
													<span class="qode-advanced-tab-text-after-icon">
								Im Lieferumfang enthalten							</span>
											</a>
				</h2>
			</li>
					<li>
				<h2>
					<a href="#tab-reserver">
						
													<span class="qode-advanced-tab-text-after-icon">
								Buchen							</span>
											</a>
				</h2>
			</li>
			</ul>
	<div class="qode-advanced-tab-container" id="tab-description-609" data-icon-pack="" data-icon-html="">
	<div class="wpb_text_column wpb_content_element">
		<div class="wpb_wrapper">
			<p><em><span style="text-decoration: underline;"><strong>Kids Club Wallis, Schweiz.</strong></span></em> Ferienlager für Kinder im Alter von 5 bis 12 Jahren. Von Montag bis Freitag gibt es ein vielfältiges Angebot an Aktivitäten für jeden Geschmack, betreut von unseren Betreuerinnen Liz und Alin!</p>
<p>Wanderungen im Wald, Stand-up-Paddling, Fun Forest, Ausflüge, Tretbootfahren und vieles mehr… Ganztägige Betreuung und Picknick inklusive. Auf Wunsch bieten wir Ihnen auch eine Übernachtung in der Hütte „Les Violettes“ an (Abendessen, geröstete Marshmallows, Bergwanderung und Frühstück inklusive).</p>

		</div>
	</div><div class="vc_empty_space"  style="height: 25px" >
	<span class="vc_empty_space_inner">
		<span class="empty_space_image"  ></span>
	</span>
</div>
	<div class="wpb_text_column wpb_content_element">
		<div class="wpb_wrapper">
			<h3>Pauschalpreis:</h3>
<p><strong>Vormittag</strong></p>
<p>1 Kind: 90 CHF</p>
<p><strong>5er-Paket für Vormittagsvorstellungen</strong></p>
<p>1 Kind: 375 CHF</p>

		</div>
	</div><div class="vc_empty_space"  style="height: 25px" >
	<span class="vc_empty_space_inner">
		<span class="empty_space_image"  ></span>
	</span>
</div>
	<div class="wpb_text_column wpb_content_element">
		<div class="wpb_wrapper">
			<h3>Ablauf:</h3>
<p>Waldspaziergänge, Hüttenbau, Einführung in die Tierwelt, Besuch eines traditionellen Bauernhofs, Paddleboarding, Fun Forest, Ausflüge, Tretbootfahren, Wakeboarden und vieles mehr…</p>
<p>Tagesbetreuung und Picknick inklusive.</p>
<p>Auf Wunsch bieten wir Ihnen auch eine Übernachtung in der „Cabane des Violettes“ an (inklusive Abendessen, geröstete Marshmallows, Bergwanderung und Frühstück).</p>
<p><strong>Öffnungszeiten: 10:00 bis 15:00 Uhr.</strong></p>
<p><strong>Treffpunkt um 9:45 Uhr im Büro von L’ESS Crans-Montana</strong></p>

		</div>
	</div></div><div class="qode-advanced-tab-container" id="tab-photos-327" data-icon-pack="" data-icon-html=""><div class="wpb_gallery wpb_content_element vc_clearfix"><div class="wpb_wrapper"><div class="wpb_gallery_slides wpb_flexslider flexslider_fade flexslider" data-interval="3" data-flex_fx="fade"><ul class="slides"><li><img decoding="async" width="800" height="533" src="https://www.adrenatur.ch/wp-content/uploads/2020/06/kids-club-valais-suisse.jpg" class="attachment-full" alt="Kids Club Wallis, Schweiz" title="Kids Club Wallis, Schweiz" srcset="https://www.adrenatur.ch/wp-content/uploads/2020/06/kids-club-valais-suisse.jpg 800w, https://www.adrenatur.ch/wp-content/uploads/2020/06/kids-club-valais-suisse-300x200.jpg 300w, https://www.adrenatur.ch/wp-content/uploads/2020/06/kids-club-valais-suisse-768x512.jpg 768w, https://www.adrenatur.ch/wp-content/uploads/2020/06/kids-club-valais-suisse-700x466.jpg 700w" sizes="(max-width: 800px) 100vw, 800px" /></li></ul></div></div></div></div><div class="qode-advanced-tab-container" id="tab-inclus-146" data-icon-pack="" data-icon-html="">
	<div class="wpb_text_column wpb_content_element">
		<div class="wpb_wrapper">
			<ul style="list-style-type: square;">
<li>Betreuung</li>
<li>Anfahrt zum Fun Forest</li>
<li>Material</li>
<li>Aktivitäten</li>
<li>Picknick</li>
</ul>
<p><strong>Die Kinder werden von 10.00 bis 15.00 Uhr von qualifizierten Betreuern betreut.</strong></p>

		</div>
	</div></div><div class="qode-advanced-tab-container" id="tab-reserver-31" data-icon-pack="" data-icon-html="">
	<div class="wpb_text_column wpb_content_element">
		<div class="wpb_wrapper">
			<p style="text-align: center;"><strong>Rufen Sie uns an, indem Sie auf die Schaltfläche klicken</strong> <a  itemprop="url" href="tel:+41274801010" target="_blank" data-hover-background-color="#dbdbdb" data-hover-color="#66E432" class="qbutton  medium center default" style="background-color:#66E432;">+41274801010<i class="qode_icon_font_awesome fa fa-phone qode_button_icon_element"></i></a></p>

		</div>
	</div></div></div><div class="vc_empty_space"  style="height: 25px" >
	<span class="vc_empty_space_inner">
		<span class="empty_space_image"  ></span>
	</span>
</div>
	<div class="wpb_text_column wpb_content_element">
		<div class="wpb_wrapper">
			<h3>Kids Club Wallis, Schweiz</h3>

		</div>
	</div></div></div></div></div></div>
</div>

Kids Club Wallis Schweiz Beschreibung Fotos Im Preis inbegriffen Buchen Kids Club Wallis Schweiz. Ferienlager für Kinder im Alter von 5 bis 12 Jahren. Von Montag bis Freitag gibt es eine große Auswahl an Aktivitäten für jeden Geschmack, betreut von unseren Animateuren Liz und Alin! Waldspaziergänge, Stand-up-Paddling...
