{"id":547,"date":"2020-06-26T15:59:45","date_gmt":"2020-06-26T14:59:45","guid":{"rendered":"https:\/\/www.adrenatur.ch\/?post_type=portfolio_page&#038;p=547"},"modified":"2023-06-05T10:35:51","modified_gmt":"2023-06-05T08:35:51","slug":"tandem-gleitschirmfliegen-in-crans-montana-wallis","status":"publish","type":"portfolio_page","link":"https:\/\/www.adrenatur.ch\/de\/activites\/parapente-tandem-crans-montana-valais\/","title":{"rendered":"Tandem-Gleitschirmfliegen in Crans-Montana, Wallis"},"content":{"rendered":"<div class=\"wpb-content-wrapper\"><div      class=\"vc_row wpb_row section vc_row-fluid  vc_custom_1585333651294\" style=' text-align:left;'><div class=\"full_section_inner clearfix\"><div class=\"wpb_column vc_column_container vc_col-sm-12\"><div class=\"vc_column-inner\"><div class=\"wpb_wrapper\">\n\t<div class=\"wpb_text_column wpb_content_element\">\n\t\t<div class=\"wpb_wrapper\">\n\t\t\t<h2>Tandem-Gleitschirmfliegen in Crans-Montana, Wallis<\/h2>\n\n\t\t<\/div>\n\t<\/div><div class=\"vc_empty_space\"  style=\"height: 25px\" >\n\t<span class=\"vc_empty_space_inner\">\n\t\t<span class=\"empty_space_image\"  ><\/span>\n\t<\/span>\n<\/div><div class=\"qode-advanced-tabs qode-advanced-tabs qode-advanced-horizontal-tab clearfix qode-advanced-tab-without-icon qode-advanced-tabs-column-4 clearfix\">\n\t<ul class=\"qode-advanced-tabs-nav\">\n\t\t\t\t\t<li>\n\t\t\t\t<h2>\n\t\t\t\t\t<a href=\"#tab-description\">\n\t\t\t\t\t\t\n\t\t\t\t\t\t\t\t\t\t\t\t\t<span class=\"qode-advanced-tab-text-after-icon\">\n\t\t\t\t\t\t\t\tBeschreibung\t\t\t\t\t\t\t<\/span>\n\t\t\t\t\t\t\t\t\t\t\t<\/a>\n\t\t\t\t<\/h2>\n\t\t\t<\/li>\n\t\t\t\t\t<li>\n\t\t\t\t<h2>\n\t\t\t\t\t<a href=\"#tab-photos\">\n\t\t\t\t\t\t\n\t\t\t\t\t\t\t\t\t\t\t\t\t<span class=\"qode-advanced-tab-text-after-icon\">\n\t\t\t\t\t\t\t\tFotos\t\t\t\t\t\t\t<\/span>\n\t\t\t\t\t\t\t\t\t\t\t<\/a>\n\t\t\t\t<\/h2>\n\t\t\t<\/li>\n\t\t\t\t\t<li>\n\t\t\t\t<h2>\n\t\t\t\t\t<a href=\"#tab-inclus\">\n\t\t\t\t\t\t\n\t\t\t\t\t\t\t\t\t\t\t\t\t<span class=\"qode-advanced-tab-text-after-icon\">\n\t\t\t\t\t\t\t\tIm Lieferumfang enthalten\t\t\t\t\t\t\t<\/span>\n\t\t\t\t\t\t\t\t\t\t\t<\/a>\n\t\t\t\t<\/h2>\n\t\t\t<\/li>\n\t\t\t\t\t<li>\n\t\t\t\t<h2>\n\t\t\t\t\t<a href=\"#tab-reserver\">\n\t\t\t\t\t\t\n\t\t\t\t\t\t\t\t\t\t\t\t\t<span class=\"qode-advanced-tab-text-after-icon\">\n\t\t\t\t\t\t\t\tBuchen\t\t\t\t\t\t\t<\/span>\n\t\t\t\t\t\t\t\t\t\t\t<\/a>\n\t\t\t\t<\/h2>\n\t\t\t<\/li>\n\t\t\t<\/ul>\n\t<div class=\"qode-advanced-tab-container\" id=\"tab-description-947\" data-icon-pack=\"\" data-icon-html=\"\">\n\t<div class=\"wpb_text_column wpb_content_element\">\n\t\t<div class=\"wpb_wrapper\">\n\t\t\t<p><em><span style=\"text-decoration: underline;\"><strong>Tandem-Gleitschirmfliegen in Crans-Montana, Wallis.<\/strong><\/span><\/em>\u00a0Hast du schon immer davon getr\u00e4umt, wie ein Adler zu fliegen? Komm und durchstreife mit unseren Piloten die L\u00fcfte. W\u00e4hrend eines ganzen Tandemflugs kannst du das fantastische Panorama bewundern.<\/p>\n<p>Start am oberen Ende der Pisten auf \u00fcber 2200 Metern H\u00f6he.<\/p>\n\n\t\t<\/div>\n\t<\/div><div class=\"vc_empty_space\"  style=\"height: 25px\" >\n\t<span class=\"vc_empty_space_inner\">\n\t\t<span class=\"empty_space_image\"  ><\/span>\n\t<\/span>\n<\/div>\n\t<div class=\"wpb_text_column wpb_content_element\">\n\t\t<div class=\"wpb_wrapper\">\n\t\t\t<h3>Pauschalpreis:<\/h3>\n<p><strong>Schnupperflug (ca. 15 Min.) \u2013 Start am Gipfel des Cry d\u2019Err \u2013 Ziel: Golfplatz von Crans\u00a0<\/strong><\/p>\n<p>1 Person: 160 CHF + Seilbahn 15.- (Fotos + 30.-)<\/p>\n<p><strong>Lange Fahrt, ca. 30 Minuten; Abfahrt in Aprilie \u2013 Ankunft in Sierre\u00a0<\/strong><\/p>\n<p>1 Person: 190 CHF + Seilbahnfahrt 15.- (Fotos +30.-)<\/p>\n<p><strong>MAGISCHER FLUG<\/strong> <strong>ca. 40 Minuten \u2013 Start in Cry d\u2019Err \u2013 Ziel in Sierre<\/strong><\/p>\n<p>1 Person: 240 CHF + Seilbahnfahrt 15.-  (Fotos +30)<\/p>\n\n\t\t<\/div>\n\t<\/div><div class=\"vc_empty_space\"  style=\"height: 25px\" >\n\t<span class=\"vc_empty_space_inner\">\n\t\t<span class=\"empty_space_image\"  ><\/span>\n\t<\/span>\n<\/div>\n\t<div class=\"wpb_text_column wpb_content_element\">\n\t\t<div class=\"wpb_wrapper\">\n\t\t\t<h3>Ablauf:<\/h3>\n<p>Die Touren finden je nach Wetterlage und auf Anfrage statt.<\/p>\n\n\t\t<\/div>\n\t<\/div><\/div><div class=\"qode-advanced-tab-container\" id=\"tab-photos-931\" data-icon-pack=\"\" data-icon-html=\"\"><div class=\"wpb_gallery wpb_content_element vc_clearfix\"><div class=\"wpb_wrapper\"><div class=\"wpb_gallery_slides wpb_flexslider flexslider_fade flexslider\" data-interval=\"3\" data-flex_fx=\"fade\"><ul class=\"slides\"><li><img decoding=\"async\" width=\"780\" height=\"380\" src=\"https:\/\/www.adrenatur.ch\/wp-content\/uploads\/2020\/06\/parapente-tandem-crans-montana-valais2.jpg\" class=\"attachment-full\" alt=\"Tandem-Gleitschirmfliegen in Crans-Montana, Wallis\" title=\"Tandem-Gleitschirmfliegen in Crans-Montana, Wallis\" srcset=\"https:\/\/www.adrenatur.ch\/wp-content\/uploads\/2020\/06\/parapente-tandem-crans-montana-valais2.jpg 780w, https:\/\/www.adrenatur.ch\/wp-content\/uploads\/2020\/06\/parapente-tandem-crans-montana-valais2-300x146.jpg 300w, https:\/\/www.adrenatur.ch\/wp-content\/uploads\/2020\/06\/parapente-tandem-crans-montana-valais2-768x374.jpg 768w, https:\/\/www.adrenatur.ch\/wp-content\/uploads\/2020\/06\/parapente-tandem-crans-montana-valais2-700x341.jpg 700w\" sizes=\"(max-width: 780px) 100vw, 780px\" \/><\/li><\/ul><\/div><\/div><\/div><\/div><div class=\"qode-advanced-tab-container\" id=\"tab-inclus-204\" data-icon-pack=\"\" data-icon-html=\"\">\n\t<div class=\"wpb_text_column wpb_content_element\">\n\t\t<div class=\"wpb_wrapper\">\n\t\t\t<ul style=\"list-style-type: square;\">\n<li>Zertifizierter Gleitschirmpilot f\u00fcr Tandemfl\u00fcge<\/li>\n<li>Material<\/li>\n<\/ul>\n\n\t\t<\/div>\n\t<\/div><\/div><div class=\"qode-advanced-tab-container\" id=\"tab-reserver-210\" data-icon-pack=\"\" data-icon-html=\"\">\n\t<div class=\"wpb_text_column wpb_content_element\">\n\t\t<div class=\"wpb_wrapper\">\n\t\t\t<p style=\"text-align: center;\"><strong>Rufen Sie uns an, indem Sie auf die Schaltfl\u00e4che klicken<\/strong> <a  itemprop=\"url\" href=\"tel:+41274801010\" target=\"_blank\" data-hover-background-color=\"#dbdbdb\" data-hover-color=\"#66E432\" class=\"qbutton  medium center default\" style=\"background-color:#66E432;\">+41274801010<i class=\"qode_icon_font_awesome fa fa-phone qode_button_icon_element\"><\/i><\/a><\/p>\n\n\t\t<\/div>\n\t<\/div><\/div><\/div><div class=\"vc_empty_space\"  style=\"height: 25px\" >\n\t<span class=\"vc_empty_space_inner\">\n\t\t<span class=\"empty_space_image\"  ><\/span>\n\t<\/span>\n<\/div>\n\t<div class=\"wpb_text_column wpb_content_element\">\n\t\t<div class=\"wpb_wrapper\">\n\t\t\t<h3>Tandem-Gleitschirmfliegen in Crans-Montana, Wallis<\/h3>\n\n\t\t<\/div>\n\t<\/div><\/div><\/div><\/div><\/div><\/div>\n<\/div>","protected":false},"excerpt":{"rendered":"Tandem-Gleitschirmfliegen in Crans Montana, Wallis \u2013 Beschreibung, Fotos, Inklusive Leistungen, Buchen Tandem-Gleitschirmfliegen in Crans Montana, Wallis. Hast du schon immer davon getr\u00e4umt, wie ein Adler zu fliegen? Dann komm und durchstreife mit unseren Piloten die L\u00fcfte. W\u00e4hrend des gesamten Tandemflugs kannst du das fantastische Panorama bewundern. Start am Gipfel der...","protected":false},"author":1,"featured_media":550,"menu_order":0,"comment_status":"closed","ping_status":"closed","template":"","portfolio_category":[6],"portfolio_tag":[],"_links":{"self":[{"href":"https:\/\/www.adrenatur.ch\/de\/wp-json\/wp\/v2\/portfolio_page\/547"}],"collection":[{"href":"https:\/\/www.adrenatur.ch\/de\/wp-json\/wp\/v2\/portfolio_page"}],"about":[{"href":"https:\/\/www.adrenatur.ch\/de\/wp-json\/wp\/v2\/types\/portfolio_page"}],"author":[{"embeddable":true,"href":"https:\/\/www.adrenatur.ch\/de\/wp-json\/wp\/v2\/users\/1"}],"replies":[{"embeddable":true,"href":"https:\/\/www.adrenatur.ch\/de\/wp-json\/wp\/v2\/comments?post=547"}],"wp:featuredmedia":[{"embeddable":true,"href":"https:\/\/www.adrenatur.ch\/de\/wp-json\/wp\/v2\/media\/550"}],"wp:attachment":[{"href":"https:\/\/www.adrenatur.ch\/de\/wp-json\/wp\/v2\/media?parent=547"}],"wp:term":[{"taxonomy":"portfolio_category","embeddable":true,"href":"https:\/\/www.adrenatur.ch\/de\/wp-json\/wp\/v2\/portfolio_category?post=547"},{"taxonomy":"portfolio_tag","embeddable":true,"href":"https:\/\/www.adrenatur.ch\/de\/wp-json\/wp\/v2\/portfolio_tag?post=547"}],"curies":[{"name":"wp","href":"https:\/\/api.w.org\/{rel}","templated":true}]}}

<div class="wpb-content-wrapper"><div      class="vc_row wpb_row section vc_row-fluid  vc_custom_1585333651294" style=' text-align:left;'><div class="full_section_inner clearfix"><div class="wpb_column vc_column_container vc_col-sm-12"><div class="vc_column-inner"><div class="wpb_wrapper">
	<div class="wpb_text_column wpb_content_element">
		<div class="wpb_wrapper">
			<h2>Tandem-Gleitschirmfliegen in Crans-Montana, Wallis</h2>

		</div>
	</div><div class="vc_empty_space"  style="height: 25px" >
	<span class="vc_empty_space_inner">
		<span class="empty_space_image"  ></span>
	</span>
</div><div class="qode-advanced-tabs qode-advanced-tabs qode-advanced-horizontal-tab clearfix qode-advanced-tab-without-icon qode-advanced-tabs-column-4 clearfix">
	<ul class="qode-advanced-tabs-nav">
					<li>
				<h2>
					<a href="#tab-description">
						
													<span class="qode-advanced-tab-text-after-icon">
								Beschreibung							</span>
											</a>
				</h2>
			</li>
					<li>
				<h2>
					<a href="#tab-photos">
						
													<span class="qode-advanced-tab-text-after-icon">
								Fotos							</span>
											</a>
				</h2>
			</li>
					<li>
				<h2>
					<a href="#tab-inclus">
						
													<span class="qode-advanced-tab-text-after-icon">
								Im Lieferumfang enthalten							</span>
											</a>
				</h2>
			</li>
					<li>
				<h2>
					<a href="#tab-reserver">
						
													<span class="qode-advanced-tab-text-after-icon">
								Buchen							</span>
											</a>
				</h2>
			</li>
			</ul>
	<div class="qode-advanced-tab-container" id="tab-description-947" data-icon-pack="" data-icon-html="">
	<div class="wpb_text_column wpb_content_element">
		<div class="wpb_wrapper">
			<p><em><span style="text-decoration: underline;"><strong>Tandem-Gleitschirmfliegen in Crans-Montana, Wallis.</strong></span></em> Hast du schon immer davon geträumt, wie ein Adler zu fliegen? Komm und durchstreife mit unseren Piloten die Lüfte. Während eines ganzen Tandemflugs kannst du das fantastische Panorama bewundern.</p>
<p>Start am oberen Ende der Pisten auf über 2200 Metern Höhe.</p>

		</div>
	</div><div class="vc_empty_space"  style="height: 25px" >
	<span class="vc_empty_space_inner">
		<span class="empty_space_image"  ></span>
	</span>
</div>
	<div class="wpb_text_column wpb_content_element">
		<div class="wpb_wrapper">
			<h3>Pauschalpreis:</h3>
<p><strong>Schnupperflug (ca. 15 Min.) – Start am Gipfel des Cry d’Err – Ziel: Golfplatz von Crans </strong></p>
<p>1 Person: 160 CHF + Seilbahn 15.- (Fotos + 30.-)</p>
<p><strong>Lange Fahrt, ca. 30 Minuten; Abfahrt in Aprilie – Ankunft in Sierre </strong></p>
<p>1 Person: 190 CHF + Seilbahnfahrt 15.- (Fotos +30.-)</p>
<p><strong>MAGISCHER FLUG</strong> <strong>ca. 40 Minuten – Start in Cry d’Err – Ziel in Sierre</strong></p>
<p>1 Person: 240 CHF + Seilbahnfahrt 15.-  (Fotos +30)</p>

		</div>
	</div><div class="vc_empty_space"  style="height: 25px" >
	<span class="vc_empty_space_inner">
		<span class="empty_space_image"  ></span>
	</span>
</div>
	<div class="wpb_text_column wpb_content_element">
		<div class="wpb_wrapper">
			<h3>Ablauf:</h3>
<p>Die Touren finden je nach Wetterlage und auf Anfrage statt.</p>

		</div>
	</div></div><div class="qode-advanced-tab-container" id="tab-photos-931" data-icon-pack="" data-icon-html=""><div class="wpb_gallery wpb_content_element vc_clearfix"><div class="wpb_wrapper"><div class="wpb_gallery_slides wpb_flexslider flexslider_fade flexslider" data-interval="3" data-flex_fx="fade"><ul class="slides"><li><img decoding="async" width="780" height="380" src="https://www.adrenatur.ch/wp-content/uploads/2020/06/parapente-tandem-crans-montana-valais2.jpg" class="attachment-full" alt="Tandem-Gleitschirmfliegen in Crans-Montana, Wallis" title="Tandem-Gleitschirmfliegen in Crans-Montana, Wallis" srcset="https://www.adrenatur.ch/wp-content/uploads/2020/06/parapente-tandem-crans-montana-valais2.jpg 780w, https://www.adrenatur.ch/wp-content/uploads/2020/06/parapente-tandem-crans-montana-valais2-300x146.jpg 300w, https://www.adrenatur.ch/wp-content/uploads/2020/06/parapente-tandem-crans-montana-valais2-768x374.jpg 768w, https://www.adrenatur.ch/wp-content/uploads/2020/06/parapente-tandem-crans-montana-valais2-700x341.jpg 700w" sizes="(max-width: 780px) 100vw, 780px" /></li></ul></div></div></div></div><div class="qode-advanced-tab-container" id="tab-inclus-204" data-icon-pack="" data-icon-html="">
	<div class="wpb_text_column wpb_content_element">
		<div class="wpb_wrapper">
			<ul style="list-style-type: square;">
<li>Zertifizierter Gleitschirmpilot für Tandemflüge</li>
<li>Material</li>
</ul>

		</div>
	</div></div><div class="qode-advanced-tab-container" id="tab-reserver-210" data-icon-pack="" data-icon-html="">
	<div class="wpb_text_column wpb_content_element">
		<div class="wpb_wrapper">
			<p style="text-align: center;"><strong>Rufen Sie uns an, indem Sie auf die Schaltfläche klicken</strong> <a  itemprop="url" href="tel:+41274801010" target="_blank" data-hover-background-color="#dbdbdb" data-hover-color="#66E432" class="qbutton  medium center default" style="background-color:#66E432;">+41274801010<i class="qode_icon_font_awesome fa fa-phone qode_button_icon_element"></i></a></p>

		</div>
	</div></div></div><div class="vc_empty_space"  style="height: 25px" >
	<span class="vc_empty_space_inner">
		<span class="empty_space_image"  ></span>
	</span>
</div>
	<div class="wpb_text_column wpb_content_element">
		<div class="wpb_wrapper">
			<h3>Tandem-Gleitschirmfliegen in Crans-Montana, Wallis</h3>

		</div>
	</div></div></div></div></div></div>
</div>

Tandem-Gleitschirmfliegen in Crans Montana, Wallis – Beschreibung, Fotos, Inklusive Leistungen, Buchen Tandem-Gleitschirmfliegen in Crans Montana, Wallis. Hast du schon immer davon geträumt, wie ein Adler zu fliegen? Dann komm und durchstreife mit unseren Piloten die Lüfte. Während des gesamten Tandemflugs kannst du das fantastische Panorama bewundern. Start am Gipfel der...
